6) in base 5?
32411
-40453 (base 6) to base 3
-21100120
What is -1110010001000 (base 2) in base 9?
-11015
Convert -41128 (base 9) to base 3.
-1101010222
1683b (base 12) to base 7
163115
11181 (base 12) to base 16
58b1
What is -4365 (base 8) in base 5?
-33133
Convert -6c02 (base 13) to base 10.
-15212
Convert -300 (base 8) to base 10.
-192
What is 1010 (base 9) in base 7?
2103
Convert -1031121 (base 4) to base 11.
-37a3
13042 (base 6) to base 13
b87
Convert -1112 (base 3) to base 5.
-131
What is -1000000111100 (base 2) in base 7?
-15055
What is 1760 (base 8) in base 14?
520
-130220 (base 4) to base 13
-aac
5404 (base 7) to base 2
11101111011
What is -18361 (base 10) in base 15?
-5691
-1291 (base 13) to base 15
-bbd
Convert -5044 (base 7) to base 8.
-3323
Convert -203522 (base 7) to base 4.
-20201120
Convert 4071 (base 13) to base 15.
2970
10000000110110 (base 2) to base 14
3010
Convert -20331 (base 4) to base 8.
-1075
Convert 71d3 (base 15) to base 11.
17082
Convert -26003 (base 9) to base 4.
-10101123
Convert 185 (base 12) to base 11.
203
What is -34a (base 13) in base 3?
-210002
Convert 425 (base 13) to base 2.
1011000011
What is -10323103 (base 4) in base 16?
-4ed3
What is 1211100 (base 4) in base 12?
3900
5138 (base 9) to base 8
7261
-1130 (base 10) to base 3
-1112212
Convert 11711 (base 12) to base 13.
a8c7
What is -799 (base 12) in base 7?
-3165
41fb (base 16) to base 2
100000111111011
What is 4222 (base 5) in base 15?
277
Convert 1776b (base 12) to base 2.
1000010010000011
Convert -1222 (base 8) to base 12.
-46a
Convert -335 (base 13) to base 14.
-2b5
Convert -898 (base 14) to base 6.
-11514
-1036 (base 11) to base 7
-3665
What is -11211 (base 4) in base 16?
-165
902 (base 13) to base 14
7ab
What is -22542 (base 6) in base 5?
-100410
Convert 6e68 (base 15) to base 13.
a907
-41a (base 12) to base 5
-4343
What is -1251 (base 11) in base 7?
-4515
What is 2666 (base 7) in base 15?
488
Convert 10663 (base 7) to base 14.
dda
24242 (base 6) to base 8
6742
-7206 (base 10) to base 3
-100212220
What is -4105 (base 6) in base 3?
-1020112
What is -2231 (base 4) in base 10?
-173
What is -27577 (base 10) in base 11?
-197a0
1110101 (base 3) to base 12
747
What is bb (base 16) in base 3?
20221
46b9 (base 13) to base 5
304304
What is -30044 (base 6) in base 2?
-111101001100
1052 (base 12) to base 4
123332
-302042 (base 6) to base 2
-101110011101010
-679 (base 10) to base 2
-1010100111
-12100 (base 4) to base 14
-208
What is -12bc (base 13) in base 5?
-41230
-27c (base 15) to base 10
-567
Convert -20112122 (base 3) to base 7.
-16622
Convert 542a (base 15) to base 14.
66c7
Convert -30001 (base 4) to base 2.
-1100000001
Convert -1233 (base 11) to base 2.
-11001001001
What is 65615 (base 9) in base 6?
533235
-720 (base 11) to base 7
-2351
Convert -283 (base 13) to base 10.
-445
What is -1110 (base 7) in base 8?
-617
What is 1386 (base 13) in base 16?
afe
-110011100101 (base 2) to base 14
-12bb
245 (base 9) to base 16
cb
What is -1131 (base 8) in base 12?
-421
21112001 (base 3) to base 16
156a
Convert -4531 (base 6) to base 13.
-63a
-9238 (base 15) to base 6
-354542
What is -1932 (base 10) in base 2?
-11110001100
-1068 (base 12) to base 3
-2110222
What is -1001001010110 (base 2) in base 14?
-19d4
-1341011 (base 5) to base 9
-41811
2754 (base 9) to base 4
200122
What is 2515 (base 6) in base 10?
623
Convert 11002 (base 7) to base 15.
c31
-21005 (base 7) to base 14
-1c3c
Convert 12010122 (base 3) to base 4.
322133
Convert -13401 (base 7) to base 13.
-1860
Convert 102002023 (base 4) to base 6.
1325551
Convert -5646 (base 10) to base 3.
-21202010
What is 2345 (base 15) in base 12?
4402
What is -747 (base 10) in base 4?
-23223
What is 46 (base 8) in base 10?
38
-103321 (base 4) to base 5
-20043
Convert 2120101201 (base 3) to base 13.
1a047
1212 (base 7) to base 3
121200
Convert 1739 (base 11) to base 5.
32340
What is 4c3 (base 13) in base 7?
2302
623 (base 10) to base 8
1157
What is -2350 (base 6) in base 13?
-34b
11000100 (base 2) to base 6
524
Convert 5086 (base 10) to base 2.
1001111011110
344232 (base 5) to base 16
309a
What is 4e (base 16) in base 14?
58
524 (base 7) to base 15
128
Convert 24386 (base 9) to base 3.
211102220
What is -12e9 (base 15) in base 2?
-111111001100
Convert 332 (base 16) to base 8.
1462
44124 (base 5) to base 9
4146
-1030 (base 8) to base 11
-448
3169 (base 13) to base 2
1101010111111
What is 7322 (base 9) in base 13?
259a
What is -50 (base 12) in base 7?
-114
Convert 4029 (base 14) to base 4.
2230011
Convert 4022 (base 6) to base 2.
1101101110
-102031 (base 4) to base 13
-6b8
Convert -3350 (base 10) to base 16.
-d16
What is 4224 (base 6) in base 3?
1022021
What is -82a (base 15) in base 2?
-11100110000
Convert -4431 (base 5) to base 16.
-268
Convert -467 (base 14) to base 9.
-1172
What is 332 (base 8) in base 16?
da
What is -102202220 (base 4) in base 5?
-4412234
What is 42004 (base 7) in base 15?
30b4
What is 156420 (base 7) in base 6?
355520
What is -23412 (base 5) in base 10?
-1732
What is 10100110100 (base 2) in base 15?
5dc
Convert -100011111 (base 2) to base 15.
-142
What is 32427 (base 9) in base 12?
1052a
What is -13125 (base 6) in base 12?
-11a5
20010 (base 3) to base 15
b0
Convert -15185 (base 9) to base 8.
-24174
What is 10001010101010 (base 2) in base 10?
8874
Convert -1303122 (base 4) to base 10.
-7386
What is 2189 (base 12) in base 6?
25053
Convert 10000001111 (base 2) to base 9.
1374
What is -111 (base 15) in base 2?
-11110001
-4037 (base 13) to base 12
-5142
Convert 1111000 (base 2) to base 12.
a0
What is 12201 (base 4) in base 16?
1a1
-11522 (base 9) to base 11
-5884
What is -11012000 (base 3) in base 6?
-22043
-110000011000000 (base 2) to base 12
-12400
Convert 1000124 (base 5) to base 16.
3d30
Convert 210122 (base 4) to base 5.
33310
-7c1 (base 13) to base 7
-3623
Convert -1aa9 (base 14) to base 2.
-1001011110101
4250 (base 8) to base 15
9cb
Convert -10010010 (base 2) to base 15.
-9b
What is 623b (base 12) in base 9?
15612
Convert -40010 (base 6) to base 11.
-3999
-11200220 (base 3) to base 16
-d62
Convert 203112 (base 5) to base 16.
1a01
What is 307a (base 11) in base 9?
5533
Convert 7 (base 13) to base 14.
7
Convert -102021 (base 4) to base 8.
-2211
What is -23220203 (base 4) in base 7?
-255632
What is 7798 (base 13) in base 7?
66436
Convert -21211 (base 4) to base 8.
-1145
-1011011111100 (base 2) to base 8
-13374
Convert 10320 (base 4) to base 10.
312
1416 (base 7) to base 14
2b6
What is 31312 (base 4) in base 10?
886
What is -13043 (base 5) in base 15?
-483
Convert 1121201 (base 3) to base 16.
49c
Convert 13 (base 14) to base 11.
16
-1221021011 (base 3) to base 14
-dc57
-223130 (base 6) to base 12
-aaa6
22220102 (base 3) to base 14
2519
Convert -11003110 (base 4) to base 15.
-61e7
Convert 4342204 (base 5) to base 12.
37273
What is 17c (base 13) in base 8?
420
-2cb (base 16) to base 2
-1011001011
What is 31032 (base 4) in base 9?
1140
What is 21014 (base 5) in base 3?
1220021
What is 829 (base 11) in base 10?
999
Convert 44 (base 13) to base 12.
48
Convert da5 (base 14) to base 5.
41233
What is -5b36 (base 13) in base 9?
-18611
What is 11112 (base 3) in base 7?
233
Convert -6067 (base 10) to base 16.
-17b3
What is -2404430 (base 5) in base 16?
-ad4d
What is -16e (base 16) in base 13?
-222
Convert 1000111000011 (base 2) to base 11.
3464
What is 120011 (base 5) in base 12?
2651
3024 (base 12) to base 8
12134
What is 273 (base 9) in base 13?
147
Convert 517 (base 16) to base 8.
2427
Convert 10c2 (base 14) to base 8.
5542
2630 (base 8) to base 3
1222001
What is 11111100 (base 2) in base 11?
20a
Convert -11010011000111 (base 2) to base 4.
-3103013
Convert 202324 (base 5) to base 13.
2ccb
Convert -1273 (base 10) to base 9.
-1664
What is 10333001 (base 4) in base 12?
b995
Convert 1801 (base 12) to base 9.
3851
Convert 3a058 (base 11) to base 14.
16c48
What is -468 (base 10) in base 9?
-570
Convert 291d (base 14) to base 10.
7279
What is a4c5 (base 13) in base 10?
22807
Convert -2321 (base 5) to base 6.
-1320
What is 7226 (base 10) in base 7?
30032
Convert f73 (base 16) to base 5.
111310
What is 347 (base 10) in base 9?
425
What is -21504 (base 8) in base 15?
-2a1d
483 (base 9) to base 5
3044
Convert -335 (base 15) 